e the prime factors of 75654723?
3, 431, 58511
What are the prime factors of 689800146?
2, 3, 7, 2346259
List the prime factors of 3691112374.
2, 10891, 169457
List the prime factors of 45459697.
45459697
List the prime factors of 58058327.
58058327
List the prime factors of 1286023199.
409, 467, 6733
What are the prime factors of 1425997044?
2, 3, 19, 2084791
List the prime factors of 263337522.
2, 3, 7, 47, 133403
List the prime factors of 158786014.
2, 43, 137, 13477
What are the prime factors of 12604834?
2, 11, 233, 2459
List the prime factors of 204890623.
7, 19, 67, 22993
List the prime factors of 1409024967.
3, 7, 197, 340591
List the prime factors of 151717497.
3, 59, 857161
What are the prime factors of 347525878?
2, 7, 4231, 5867
List the prime factors of 482950801.
6197, 77933
List the prime factors of 8124839.
8124839
What are the prime factors of 1477816230?
2, 3, 5, 11, 4478231
List the prime factors of 726131240.
2, 5, 2801, 6481
List the prime factors of 90582003.
3, 607, 5527
What are the prime factors of 548290775?
5, 21931631
List the prime factors of 315240371.
315240371
What are the prime factors of 749179474?
2, 4073, 91969
What are the prime factors of 183046841?
2081, 87961
List the prime factors of 216903803.
216903803
List the prime factors of 868525824.
2, 3, 67, 16879
List the prime factors of 791848.
2, 98981
List the prime factors of 110505643.
37, 59, 223, 227
List the prime factors of 323964770.
2, 5, 83, 269, 1451
List the prime factors of 59393171.
89, 139, 4801
What are the prime factors of 148861519?
10243, 14533
List the prime factors of 5146876.
2, 7, 47, 3911
List the prime factors of 256224140.
2, 5, 23, 653, 853
List the prime factors of 875113937.
23669, 36973
List the prime factors of 8152481.
41, 198841
What are the prime factors of 1381358791?
31, 83, 536867
What are the prime factors of 920276218?
2, 59, 7798951
List the prime factors of 92533470.
2, 3, 5, 127, 149, 163
What are the prime factors of 44164308?
2, 3, 977, 3767
List the prime factors of 85772707.
19, 863, 5231
List the prime factors of 224316505.
5, 7, 6409043
List the prime factors of 2523185173.
2523185173
List the prime factors of 713268300.
2, 3, 5, 1187, 2003
What are the prime factors of 2928199884?
2, 3, 17, 127, 113023
List the prime factors of 137903730.
2, 3, 5, 1721, 2671
List the prime factors of 56852838.
2, 3, 7, 73, 883
What are the prime factors of 508799405?
5, 101759881
List the prime factors of 417670957.
11, 37970087
List the prime factors of 928096752.
2, 3, 11, 37, 47507
What are the prime factors of 1266334721?
1266334721
What are the prime factors of 736254335?
5, 5021, 29327
What are the prime factors of 48842930?
2, 5, 127, 38459
What are the prime factors of 37902933?
3, 199, 21163
What are the prime factors of 921254313?
3, 7, 79, 555307
What are the prime factors of 1891051214?
2, 13, 23, 137491
List the prime factors of 289468490.
2, 5, 28946849
List the prime factors of 85849119.
3, 47, 67651
What are the prime factors of 764277810?
2, 3, 5, 23, 47, 23567
List the prime factors of 6347495026.
2, 2897, 1095529
List the prime factors of 5037370.
2, 5, 13, 38749
What are the prime factors of 3084727635?
3, 5, 11, 347, 17959
What are the prime factors of 69651849?
3, 23217283
What are the prime factors of 45628612?
2, 17, 523, 1283
What are the prime factors of 2973158?
2, 19, 78241
List the prime factors of 37815403.
67, 564409
List the prime factors of 91489738.
2, 83, 551143
What are the prime factors of 436621580?
2, 5, 67, 163, 1999
List the prime factors of 32153733.
3, 127, 9377
What are the prime factors of 1436132701?
1436132701
List the prime factors of 12566158.
2, 11, 179, 3191
List the prime factors of 679395618.
2, 3, 11, 281, 12211
What are the prime factors of 22323835?
5, 4464767
List the prime factors of 5040676672.
2, 78760573
What are the prime factors of 6340789?
7, 13, 59, 1181
What are the prime factors of 1325680676?
2, 59, 5617291
What are the prime factors of 189256493?
189256493
What are the prime factors of 355505575?
5, 233, 61031
List the prime factors of 240112818.
2, 3, 11, 809, 1499
List the prime factors of 1564168980.
2, 3, 5, 11, 17, 139409
List the prime factors of 6045902555.
5, 7, 11, 43, 365201
List the prime factors of 35746030.
2, 5, 19, 188137
What are the prime factors of 120049607?
120049607
What are the prime factors of 3874687779?
3, 643, 1069, 1879
What are the prime factors of 1375149?
3, 367, 1249
List the prime factors of 136377291.
3, 45459097
List the prime factors of 540220402.
2, 59, 4578139
What are the prime factors of 851294243?
193, 4410851
What are the prime factors of 270654000?
2, 3, 5, 79, 571
What are the prime factors of 21190281?
3, 7, 1009061
List the prime factors of 5007948.
2, 3, 11, 3449
What are the prime factors of 246614303?
13, 23, 41, 20117
What are the prime factors of 365714059?
599, 610541
List the prime factors of 115379965.
5, 43, 536651
List the prime factors of 46333761.
3, 19, 509, 1597
List the prime factors of 27760618.
2, 173, 80233
List the prime factors of 374478499.
17, 2131, 10337
List the prime factors of 161642602.
2, 11, 7347391
List the prime factors of 1848814083.
3, 23, 97, 92077
What are the prime factors of 1195666686?
2, 3, 43, 1544789
What are the prime factors of 27158215?
5, 7, 775949
List the prime factors of 6494005.
5, 7, 185543
What are the prime factors of 1691388400?
2, 5, 13, 37, 59, 149
What are the prime factors of 4688898?
2, 3, 781483
What are the prime factors of 19289163?
3, 1823, 3527
List the prime factors of 6271941.
3, 13, 73, 2203
What are the prime factors of 787167427?
787167427
What are the prime factors of 4407755384?
2, 550969423
What are the prime factors of 705704181?
3, 7, 13, 31, 61, 1367
What are the prime factors of 171699647?
7, 37, 643, 1031
What are the prime factors of 243565164?
2, 3, 2255233
List the prime factors of 1617217910.
2, 5, 7, 11, 73, 28771
What are the prime factors of 1170549127?
11, 17, 29, 12697
List the prime factors of 14223393.
3, 73, 21649
What are the prime factors of 8873143892?
2, 2218285973
What are the prime factors of 220928223?
3, 73642741
What are the prime factors of 1012729741?
1012729741
List the prime factors of 298303481.
7, 61, 107, 6529
List the prime factors of 358238393.
197, 1818469
What are the prime factors of 10972880?
2, 5, 19, 7219
List the prime factors of 3453352779.
3, 23, 50048591
What are the prime factors of 162949433?
162949433
What are the prime factors of 89650809?
3, 17, 585953
What are the prime factors of 239689077?
3, 2999, 26641
What are the prime factors of 51814161?
3, 7, 83, 367
List the prime factors of 489279355.
5, 19, 31, 103, 1613
What are the prime factors of 164489358?
2, 3, 11, 2492263
What are the prime factors of 1030310745?
3, 5, 43, 1597381
What are the prime factors of 259296605?
5, 89, 582689
List the prime factors of 560642920.
2, 5, 73, 101, 1901
List the prime factors of 90696076.
2, 73, 263, 1181
List the prime factors of 77183861.
77183861
What are the prime factors of 18842611?
67, 281233
List the prime factors of 19217966.
2, 9608983
What are the prime factors of 28913313?
3, 11, 13, 557
List the prime factors of 2001509749.
23, 587, 148249
What are the prime factors of 628897387?
353, 547, 3257
List the prime factors of 1592514812.
2, 7, 107, 531547
List the prime factors of 140291952.
2, 3, 2922749
List the prime factors of 1084406540.
2, 5, 7, 17, 41, 11113
List the prime factors of 66021690.
2, 3, 5, 7, 29, 37, 293
List the prime factors of 733371059.
41, 17887099
List the prime factors of 119210350.
2, 5, 7, 340601
What are the prime factors of 3577850079?
3, 1192616693
List the prime factors of 252146307.
3, 7, 73, 23497
What are the prime factors of 1245614646?
2, 3, 79, 2627879
What are the prime factors of 122453751?
3, 7, 31, 137, 1373
What are the prime factors of 110553720?
2, 3, 5, 17, 54193
List the prime factors of 170310492.
2, 3, 11, 23, 271
What are the prime factors of 97216492?
2, 23, 47, 22483
List the prime factors of 86109137.
67, 617, 2083
What are the prime factors of 840204919?
53, 541, 29303
What are the prime factors of 203183818?
2, 499, 203591
What are the pr